0 - 8*q + 6*q. Suppose 756*o - 66 = 745*o. Calculate b(o).
-14
Let c(u) = -199*u - 439. Let i(x) = 94*x + 219. Let p(y) = 9*c(y) + 19*i(y). Determine p(42).
0
Let s(b) = b**3 + 7*b**2 - 15*b + 19. Suppose -78*v = 59*v + 48*v + 1665. Give s(v).
-8
Let t(u) = -21*u**2 + 4*u + 8. Let q(a) be the third derivative of 11*a**5/60 - a**4/12 - 5*a**3/6 + 4*a**2 + 2*a. Let m(b) = 5*q(b) + 3*t(b). Determine m(1).
-7
Suppose 11 + 30 - 5 = 4*q. Let w(r) = -3*r + 21. What is w(q)?
-6
Let i = 357 - 222. Let w(m) = 9*m + i - 133 - 10*m. Determine w(-3).
5
Suppose 11*u - 81*u - 99*u - 2028 = 0. Let l(r) = 2*r + 25. What is l(u)?
1
Let p(m) = -m**2 - m. Let i(l) = 2*l**2 + 17*l - 3. Let k(j) = -i(j) - p(j). Let t be k(-15). Suppose 0*s = -3*s + t. Let n(a) = -a**2 + 5*a + 7. Give n(s).
1
Let h(r) = -59 + 56 + r**3 + 5*r**2 + 6*r - 4*r. Let u be (-162)/(-30) + (-2)/5. Suppose -2*p - 1 = 5*a, 2 - 13 = u*p + 4*a. Determine h(p).
9
Let j(h) = -h - 48. Let f(g) = -2*g - 104. Let a(v) = 6*f(v) - 13*j(v). Let m = 1 + 5. What is a(m)?
6
Let d(k) = 2*k - 11. Let v be 1/(-5) - (-21)/((-5)/20*30). What is d(v)?
-17
Let u(o) = -21*o - 199. Suppose 4*i - 2*k + 46 = 0, k = 3*i + 6*k + 2. Give u(i).
-10
Let z(f) = 6*f**2 - 3*f - 2. Let y = -228 + 229. Let l(g) = -5*g**2 - g + 1. Let m(i) = y*z(i) + l(i). What is m(3)?
-4
Let b(z) = 4*z**2. Let f(n) = -2*n + 47. Suppose -j + 33 = 4*j - u, u = -2*j + 9. Suppose -86 - 58 = -j*t. Let d be f(t). Determine b(d).
4
Let s(v) be the first derivative of -5*v**4/2 + 5*v**3/3 + v**2/2 - 4373. Calculate s(-1).
14
Let p(d) = -13*d**2 - 77*d + 4. Suppose 6 = 3*w + 4*l, -2*w - 52*l + 50*l = 0. Give p(w).
-2
Let t(l) = l**3 + 11*l + 6 + 10*l + 24 + 21*l**2. Let m be t(-20). Let o(v) = m*v**3 - 13 + 11 - v - 9*v**3. Determine o(0).
-2
Let n(g) = -13*g**2 + 700*g + 94. Let r be n(54). Let f(y) = -y**2 - 11*y - 5. Determine f(r).
-47
Suppose -4 = -u - 1. Suppose t + 3*a - 24 = -u*t, -a - 8 = -4*t. Let i(v) = -7 + 4836*v**2 + 5 + 5*v + 4 - 4837*v**2. What is i(t)?
8
Let k(u) = -42 + 11*u**2 + 8*u + 1055*u**3 - 1054*u**3 + 18 + 34 + 2*u. Let o be (2/4)/((-4)/80). What is k(o)?
10
Let b(h) = 3*h + 10. Suppose 7*g = 3*g + 16. Suppose -5*f + 2 + 31 = -2*j, 0 = -4*j - g*f + 4. What is b(j)?
-2
Suppose 0 = -0*i + 4*i - 5*a - 66, 4*i + 5*a = 86. Let g(d) = -3*d + 46. Determine g(i).
-11
Let o(s) be the third derivative of -s**6/120 + s**5/6 - s**4/4 - 5*s**3/3 - 48*s**2 + 2*s. Suppose -i - 32 = -3*b - 5, -i = 0. What is o(b)?
17
Suppose 0 = 4*w - 2*s + 6 + 20, 4*w + 25 = 3*s. Let u(h) = 5*h**2 - 140*h - 47. Let k(p) = p**2 - 32*p - 11. Let r(m) = -9*k(m) + 2*u(m). Give r(w).
-2
Let d be ((-7 - 333)/(-68))/(1 - 3/2). Let m(k) = -4*k - k**2 - 6*k + 0*k - 15. Calculate m(d).
-15
Suppose c = -3*m + 4, 14*c - 10*c = -4*m. Let i(r) = -16 + 5 + m*r + 10 - 6*r**3 - 9*r**3. Determine i(1).
-14
Let j(p) = -p**2 - 6*p + 8. Let y(i) = -2*i. Suppose -10 + 7 = z. Let t(l) = z*y(l) + j(l). What is t(0)?
8
Let k(o) = -5*o**3 + 3*o**2 - 19*o + 18. Let t(g) = g**3 - 2*g**2 + 4*g - 2. Let r(a) = k(a) + 4*t(a). Calculate r(-4).
6
Let i(l) = -l + 23. Let o be i(5). Let g(r) = 5*r**2 + 9 - o + r**3 + 2 - r + 0. Let a be (-63)/12 + 1/4. Give g(a).
-2
Let z be 12/(-15)*(-10)/(-4) + 5. Suppose -2*g - x = -13, 21 = -z*g + 6*g + 2*x. Let v(p) = -3*p. Give v(g).
-15
Let o(g) = -g + 7. Suppose 0 = -2*w + 2*y - 90, 0 - 8 = -2*y. Let f = w - -91. Let z be 30/f - 12/(-5). Determine o(z).
4
Suppose -14*b = -887 + 901. Let f(i) = -1 + 2 - 10*i**2 + 23*i**2. What is f(b)?
14
Let l = 3 - -2. Let h be ((-14)/4)/(l + 305/(-60)). Let b = h - 44. Let a(d) = -d**3 - 4*d**2 - 4*d - 2. What is a(b)?
-2
Let w(i) be the third derivative of i**5/60 + i**4/8 - 13*i**3/6 - 6018*i**2. Suppose u + 5*x = -13 + 2, 0 = u + 3*x + 9. Determine w(u).
5
Let w(y) = 40*y - 18*y - 17*y - 6*y + 15. Determine w(-26).
41
Let k(r) = -9*r + 62. Let w = -1902 + 1908. What is k(w)?
8
Let n(l) = 2*l - 1. Let z = 74 - 74. Suppose -4 = j - 7. Suppose -j*c + 4*g + 14 = z, 8*c = 4*c - 2*g + 4. Determine n(c).
3
Suppose -5*b = -3008 - 2397. Let a(u) = 536 + u + 534 - b. Calculate a(8).
-3
Suppose 0 = -54*y + 171*y - 2691. Let r(a) = a**2 - 21*a - 62. Give r(y).
-16
Let j(l) = -3 - 42*l + 39*l + 12. Let k be j(4). Let z(q) = q**3 + 2*q**2 - q - 3. Determine z(k).
-9
Let w = -10 - -12. Let v(p) = -13*p**w + 2 - 16*p**2 + 32*p**2 - p**3. Calculate v(2).
6
Let h(q) = -3*q - 8. Suppose w - 5*w = -20. Let s(y) = 5*y + 13. Let z(b) = w*s(b) + 8*h(b). Calculate z(-6).
-5
Let t(u) = 2*u**3 - 68*u**2 + u - 29. Let k be t(34). Let j(i) = 1 - 6 + 2 + 0 - i. Determine j(k).
-8
Let y(s) = -s**2 + s + 2. Let u(k) = -k**3 + 7*k**2 - 5*k - 12. Let q be u(5). Suppose -10*l = 43 - q. Give y(l).
-10
Let m(r) = 3*r**2 - 3*r - 14. Let h be -3 + 12*(21/(-98))/((-24)/28). What is m(h)?
-14
Suppose 2*x - 5*m = 62, -4*m + 7 = 3*x - 40. Let d(q) = 8 - 9 + 22*q - x*q + q**2. Determine d(0).
-1
Suppose -13*i - 5*i + 432 = 0. Suppose -20 = 4*v, -a - i*v + 25*v = -3. Let o(d) = -5*d - 5. What is o(a)?
5
Let k(o) = -2*o**2 - 7*o - 5. Let j(l) = -l**2 + 5*l + 4. Let f be j(5). Suppose -f*w = 487 - 471. Give k(w).
-9
Let f(s) = -10*s**3 - 38*s**2 - 19*s + 17. Let r(g) = -3*g**3 - 11*g**2 - 6*g + 5. Let j(a) = 2*f(a) - 7*r(a). Give j(2).
19
Let o(w) = -6*w**2 - w + 2. Let n(b) = 9*b**2 + b - 3. Let i(k) = 5*n(k) + 7*o(k). Let j(v) = 9*v + 117. Let c be j(-22). Let s = c - -80. Determine i(s).
4
Let t(f) be the third derivative of f**6/120 + f**5/60 - f**4/8 + f**3/6 + 6*f**2. Let h(k) = 64*k + 59. Let r be h(2). Let l = 189 - r. Determine t(l).
7
Let o be (-5)/45 + (-6734)/(-666) + (0 - -4). Let x(v) = -v**3 + 15*v**2 - 12*v - 29. What is x(o)?
-1
Let q(f) be the second derivative of -5*f**4/24 + 2*f**3/3 + 231*f**2/2 - 89*f. Let c(s) be the first derivative of q(s). Let o = 7 - 4. What is c(o)?
-11
Let g(r) = -r + 11. Let s be g(21). Let v(n) be the first derivative of -n**4/4 - 4*n**3 - 10*n**2 - 3*n - 18. Determine v(s).
-3
Let p(n) = 9*n + 68. Let s = -15764 + 15757. Give p(s).
5
Let f = 4050 + -4036. Let o(q) = 2*q + 7. Give o(f).
35
Let a be 10/18*(-3 + (5 - (-170)/(-100))). Let i(u) be the third derivative of 0 - 11/60*u**5 - 1/12*u**4 + 0*u + 2*u**2 + a*u**3. Give i(1).
-12
Let x(h) be the first derivative of -h**4/4 + 16*h**3/3 - 29*h**2/2 + 21*h + 1275. What is x(14)?
7
Let l(a) = -11*a**3 - a**2 - a + 1. Let v(z) be the second derivative of z**4/12 + z**3/3 - 6*z**2 - 13*z. Let w be v(-5). Let y be 4/w - 3*4/36. Give l(y).
-12
Suppose -2*a - 2*b = 3*a + 12, 0 = 3*b + 3. Let d(j) = 38*j - 64. Let x be d(3). Let w(m) = 44*m + 51*m - 1 + x*m - 143*m. Calculate w(a).
-5
Let c(u) be the first derivative of -u**4/4 - u**3 + 7*u**2/2 + 10*u + 8. Let q be c(-4). Let g be (-15)/5*q/6. Let h(f) = -f**2. Determine h(g).
-1
Suppose 5*n - 10*n = -15. Let y(h) be the third derivative of 5*h**4/24 - h**3/6 - 356*h**2. Calculate y(n).
14
Let s(z) be the first derivative of -3*z**2 - 7*z + 1046. What is s(-4)?
17
Let g(v) = v**3 + 10*v**2 + 8*v + 23. Let j be g(-11). Let y = j - -191. Let z(t) = t**3 - 6*t**2 - 1. Give z(y).
-26
Let v(f) = -5*f + 4. Let w(t) = -14*t - 177. Let s be w(-13). Let o(u) = u**3 - u**2 - 21*u. Let g be o(s). Give v(g).
29
Let a(i) = 6*i + 2 + 2 - 4*i**2 + 0*i**3 + 5 - 6 - i**3. Suppose 3*b + 4 = -11. Calculate a(b).
-2
Let y(q) = q**3 - 17*q**2 + 26*q + 19. Let h be y(13). Let b = 319 + h. Let m(k) = k**3 - k + 1. Give m(b).
1
Let j(b) = 8*b**2 + 2*b**2 + 3 + b - 3*b - 15*b**2. Determine j(1).
-4
Suppose 5*a = -4*q - q - 40, 5*a + 4*q = -35. Let d(w) = 14*w**2 - 3*w - 212. Let b(z) = -95*z**2 + 20*z + 1441. Let t(m) = -5*b(m) - 34*d(m). Give t(a).
-12
Let g(k) = -5*k + 35. Let j(y) = -y**3 + y**2 + 8*y + 21. Let v be j(4). Calculate g(v).
10
Let a(c) be the first derivative of c**5/120 + 5*c**4/12 - c**3/3 - 11*c + 83. Let u(k) be the third derivative of a(k). What is u(-4)?
6
Let c be 1*-3*(-7 + 32/6). Let t(r) = 5*r**2 - c*r - 18*r**2 + 12*r**2 + 1. Suppose 5*w + 2*o = w - 10, 0 = 4*w - 4*o + 28. What is t(w)?
5
Let j(o) = o**2 - 8*o - 2. Suppose 6*y - y = -75. Let k be y*(18/(-15))/3. Let d be 35/k - 2/(-12). Calculate j(d).
-14
Let v(g) be the first derivative of g**3 + g**2 - 158*g - 27. Let h(p) be the first derivative of v(p).